+ 14*k + 11. Calculate s(5).
6
Let c(a) = 3*a**2 + 22*a - 15. Give c(-10).
65
Let t(r) = -2*r - 19. What is t(14)?
-47
Let l(t) = t**2 + 14*t + 25. Determine l(-12).
1
Let q(w) = 3*w**2 + 2*w - 7. What is q(3)?
26
Let v(b) = 33*b. Calculate v(1).
33
Let k(x) = -x**3 + 13*x**2 + 17. Determine k(13).
17
Let l(w) = -2*w**2 - 51*w + 14. Determine l(-26).
-12
Let i(u) = -2*u - 9. Give i(4).
-17
Let s(k) = -k + 4. Determine s(0).
4
Let o(v) = v**2 - 11*v + 1. Determine o(10).
-9
Let m(j) = j**3 + 13*j**2 + 4*j - 91. Give m(-12).
5
Let x(j) = -2*j**2 - 25*j - 64. Calculate x(-5).
11
Let l(z) = -z**2 - 25*z - 136. Give l(-15).
14
Let k(r) = 4*r**2 - 3*r - 4. Give k(-4).
72
Let j(h) = -20*h - 2. Give j(-1).
18
Let n(j) = -4*j**2 + 3*j - 3. Calculate n(2).
-13
Let w(m) = 86*m + 9. Give w(-1).
-77
Let p(a) = 8*a - 89. Determine p(18).
55
Let a(u) = -u**3 - 7*u**2 - 10*u + 3. Calculate a(-5).
3
Let h(m) = 2*m**2 + 13*m + 7. Give h(-7).
14
Let b(r) = -5*r - 7. Give b(-5).
18
Let c(j) = j**3 + 9*j**2 + 5*j - 5. Calculate c(-9).
-50
Let w(j) = 8*j + 68. Calculate w(-8).
4
Let n(o) = -o - 28. What is n(-2)?
-26
Let t(r) = -10*r - 35. What is t(-4)?
5
Let s(c) = -c**3 - 7*c**2 - 14*c + 12. Determine s(-5).
32
Let k(l) = -l**2 - 11*l + 3. Determine k(0).
3
Let m(b) = -b**2 - b - 52. What is m(0)?
-52
Let s(r) = 14*r + 4. What is s(7)?
102
Let n(f) = -f**2 + f + 17. Give n(5).
-3
Let q(h) = 2*h - 28. What is q(14)?
0
Let o(x) = -x**2 + 13. Calculate o(0).
13
Let x(z) = -z**3 - 6*z**2 + 6*z + 23. Give x(-6).
-13
Let i(d) = -7*d + 39. Determine i(6).
-3
Let z(u) = -u - 7. What is z(-9)?
2
Let i(y) = 2*y**3 + 9*y**2 - 4*y - 3. Determine i(-5).
-8
Let i(a) = a**3 - 8*a**2 - 12*a + 17. Calculate i(9).
-10
Let m(r) = -r**3 - 5*r**2 - 6*r - 5. Determine m(-3).
-5
Let o(v) = -v**3 + 6*v**2 - 2*v + 7. Determine o(5).
22
Let p(i) = -6*i**3 - 2*i**2 + i + 1. What is p(1)?
-6
Let v(c) = 5*c - 4. Determine v(2).
6
Let y(z) = z**2 + 22*z + 1. What is y(-22)?
1
Let n(z) = -2*z**2 - 3*z + 6. Give n(-4).
-14
Let b(u) = -u**2 + 30*u - 27. What is b(29)?
2
Let i(q) = -6*q**3 - 2*q**2. Calculate i(-2).
40
Let n(s) = s**3 + 69*s**2 + 70*s + 138. Determine n(-68).
2
Let h(o) = -10*o**2 - 13*o - 13. Calculate h(-1).
-10
Let l(j) = -j**3 + 7*j**2 - 9*j + 7. Give l(6).
-11
Let f(k) = k**2 + 4*k - 3. What is f(-6)?
9
Let a(g) = -g**3 + 9*g**2 - 10*g + 8. What is a(8)?
-8
Let g(f) = -5*f - 69. Calculate g(-8).
-29
Let g(a) = -a**2 - 26*a - 161. Determine g(-11).
4
Let u(g) = 3*g**3 + 3*g**2 - 3*g + 5. Calculate u(2).
35
Let n(c) = 8*c - 12. Give n(-5).
-52
Let r(u) = u**3 - 15*u**2 + 13*u + 17. Give r(14).
3
Let c(g) = 12*g + 201. Determine c(-17).
-3
Let r(c) = -c**2 - 16*c + 17. Determine r(-20).
-63
Let j(p) = p**2 + 4*p - 19. Determine j(-6).
-7
Let c(s) = -s + 2. What is c(-2)?
4
Let t(p) = p**3 + p**2 + 1. Calculate t(0).
1
Let t(c) = -c - 5. What is t(-11)?
6
Let o(t) = 2*t**3 + 9*t**2 - t + 1. Give o(-4).
21
Let t(h) = 11*h + 125. Give t(-10).
15
Let s(d) = 6*d**2 - 18*d - 4. What is s(3)?
-4
Let a(m) = -m**2 - 2*m + 3. Determine a(6).
-45
Let m(s) = s**2 + 26*s + 148. Determine m(-8).
4
Let c(s) = 26*s + 141. Determine c(-6).
-15
Let m(t) = -t**3 + 13*t**2 + 13*t + 4. Determine m(14).
-10
Let u(a) = 2*a**2 + 22*a + 8. What is u(-11)?
8
Let h(d) = -d**3 + 4*d**2 + d + 1. Calculate h(3).
13
Let g(b) = b**3 - 26*b**2 + 16*b + 207. Calculate g(25).
-18
Let m(f) = -2*f**2 + 2*f - 6. Give m(3).
-18
Let u(y) = 5*y + 51. Determine u(-17).
-34
Let u(t) = -29*t + 42. What is u(2)?
-16
Let j(a) = 83*a + 908. What is j(-11)?
-5
Let a(b) = b**2 + 9*b - 2. Calculate a(-9).
-2
Let a(v) = -v + 3. Give a(-8).
11
Let m(f) = 3*f**3 + 24*f**2 + 24*f + 17. Give m(-7).
-4
Let t(d) = -3*d + 41. Calculate t(8).
17
Let k(o) = 108*o**2 - 1. Calculate k(1).
107
Let u(h) = h**2 + 7*h - 5. Calculate u(-4).
-17
Let l(w) = -2*w + 2. What is l(2)?
-2
Let g(m) = -m**3 + 4*m**2 - 2*m + 4. What is g(5)?
-31
Let m(k) = -2*k**2 + 7*k - 9. What is m(-6)?
-123
Let w(b) = b**3 - b**2 - 5*b - 4. What is w(0)?
-4
Let b(i) = -2*i**2 - 4*i + 2. Calculate b(1).
-4
Let q(m) = -m. Determine q(-17).
17
Let m(z) = -70*z - 273. Determine m(-4).
7
Let j(z) = z + 8. What is j(-18)?
-10
Let o(j) = 10*j + 4. What is o(4)?
44
Let i(b) = 12*b - 57. What is i(5)?
3
Let k(u) = u**2 - 35*u - 291. What is k(-7)?
3
Let m(z) = 11*z**3 - z**2 - 2*z + 2. What is m(2)?
82
Let p(h) = -37*h - 475. What is p(-13)?
6
Let i(j) = -j**3 + 9*j**2 + 25*j - 22. Give i(11).
11
Let r(d) = d**3 + 4*d**2 - 9*d - 8. Calculate r(-6).
-26
Let h(d) = -13*d + 4. Determine h(-2).
30
Let f(n) = -n**2 + 5*n + 1. What is f(4)?
5
Let b(v) = -7*v - 43. Give b(-6).
-1
Let r(k) = 93*k + 737. What is r(-8)?
-7
Let o(m) = -3*m**2 + 14*m + 4. What is o(6)?
-20
Let r(p) = p**3 - 19*p**2 - 12*p - 180. What is r(20)?
-20
Let z(g) = 4*g - 6. Give z(4).
10
Let v(o) = 10*o**3 - o**2 - 3*o + 4. Give v(1).
10
Let y(m) = m**2 - 18*m - 28. Give y(19).
-9
Let m(q) = 2*q**3 + 15*q**2 - q + 6. Give m(-7).
62
Let r(y) = -y**3 + 8*y**2 - 20*y + 19. Calculate r(4).
3
Let k(b) = 5*b**2 - 2*b - 3. Calculate k(-2).
21
Let f(s) = -2*s**2 + 30*s - 99. Calculate f(4).
-11
Let v(w) = -w**2 + 3*w - 6. Calculate v(6).
-24
Let s(k) = -29*k + 86. Give s(3).
-1
Let t(x) = -x - 6. Give t(-12).
6
Let o(s) = -s**2 + 10*s - 19. Give o(5).
6
Let v(z) = -z**3 - 4*z**2 - 5*z - 12. Determine v(-6).
90
Let d(w) = -w**3 - 41*w**2 - 41*w - 37. What is d(-40)?
3
Let a(p) = 8*p + 176. What is a(-22)?
0
Let z(l) = l**2 + l - 1. Give z(0).
-1
Let u(p) = 5*p + 2. Give u(3).
17
Let w(a) = -a**2 + 9*a + 10. Calculate w(10).
0
Let c(d) = d**3 + 3*d**2 + 4*d + 2. Determine c(-3).
-10
Let b(t) = 3*t + 10. Give b(-3).
1
Let j(s) = s**2 + 5*s - 20. Calculate j(8).
84
Let w(m) = -m**2 - 16*m + 11. Determine w(-13).
50
Let r(o) = -o**2 + 21*o - 43. Calculate r(19).
-5
Let n(m) = m**2 + m - 2. Calculate n(-3).
4
Let c(m) = m**2 - 10*m - 6. Calculate c(16).
90
Let v(q) = -14*q - 22. Determine v(-8).
90
Let s(z) = z**3 - 12*z**2 - 26*z - 34. What is s(14)?
-6
Let w(p) = 36*p + 182. Give w(-5).
2
Let a(l) = 11*l**3 - l**2 - 2*l + 3. Determine a(1).
11
Let k(r) = -2*r**2 - 5*r + 9. Determine k(3).
-24
Let c(t) = -2*t + 38. Give c(19).
0
Let b(k) = -k**2 + 16*k + 18. What is b(18)?
-18
Let m(w) = -3*w + 26. Give m(9).
-1
Let x(f) = 2*f - 8. Give x(-10).
-28
Let g(p) = p**2 - 10*p + 3. Give g(9).
-6
Let z(k) = 6*k + 20. Determine z(-3).
2
Let f(l) = -3*l - 11. Determine f(-5).
4
Let d(q) = q**3 + 4*q - 11. Determine d(4).
69
Let a(u) = u**3 + 8*u**2 + 10*u + 9. What is a(-6)?
21
Let g(l) = 72*l + 221. Calculate g(-3).
5
Let s(h) = -2*h**2 + 30*h - 12. Calculate s(15).
-12
Let p(s) = s**3 - 7*s**2 + 38. Calculate p(5).
-12
Let z(y) = -8*y + 2. Calculate z(-1).
10
Let g(a) = a**2 - 9*a - 11. Calculate g(10).
-1
Let v(a) = a**3 + 10*a**2 + 7*a - 14. Give v(-10).
-84
Let o(w) = -2*w**2 - 61*w - 97. Give o(-29).
-10
Let u(h) = -4*h**2 + 4*h - 17. Give u(2).
-25
Let a(h) = 2*h + 1. Give a(-3).
-5
Let z(m) = 57*m + 8. Calculate z(0).
8
Let f(g) = -g**2 + 22*g - 98. Determine f(16).
-2
Let t(x) = 40*x**3 + 2*x**2 - 2*x + 1. Determine t(1).
41
Let r(o) = -o**2 - 17*o + 3. Give r(-17).
3
Let c(y) = y**2 - 7*y + 9. What is c(3)?
-3
Let i(w) = -14*w. Give i(1).
-14
Let k(q) = -q**3 - 4*q**2 + 91*q + 46. Calculate k(8).
6
Let y(m) = -2*m**2 - 11*m - 10. Determine y(0).
-10
Let f(j) = 7*j - 3. What is f(4)?
25
Let k(i) = i**3 - 5*i**2 - 7*i + 5. Calculate k(6).
-1
Let o(q) = q**2 + 2*q + 4. Determine o(4).
28
Let k(o) = o**2 - 6*o - 10. Give k(-4).
30
Let g(l) = 5*l**2 + 11*l + 4. Determine g(-3).
16
Let q(p) = -p + 2. Determine q(-2).
4
Let v(k) = -2*k**3 - 2*k + 4. Calculate v(0).
4
Let z(t) = -11*t - 4. What is z(-4)?
40
Let m(r) = r**3 - 13*r**2 + 33*r + 31. Calculate m(9).
4
Let l(k) = -6*k**3 + 2*k + 1. Give l(-1).
5
Let d(y) = 2*y**2 + 9*y - 19. Give d(-5).
-14
Let m(k) = -2*k**3 - 14*k**2 - 13*k - 14. Calculate m(-6).
-8
Let j(v) = v**2 - 17*v + 40. What is j(17)?
40
Let d(u) = 10*u - 56. Calculate d(5).
-6
Let v(w) = w**2 + 5*w - 5. Give v(-5).
-5
Let b(l) = -9*l - 82. Calculate b(-8).
-10
Let y(g) = g**2 - 8*g + 16. Give y(5).
1
Let h(t) = t**2 + 6*t + 14. Give h(-6).
14
Let u(g) = -5*g**2 - 4*g + 1. Give u(2).
-27
Let s(w) = -80*